ainder when y is divided by b.
5
Suppose 3*z - 2 = -4*q + 5*q, -q = z - 6. Let d = 7 + z. Calculate the remainder when 34 is divided by d.
7
Suppose -3*n + 0*x + 175 = -4*x, -n = -4*x - 45. What is the remainder when 129 is divided by n?
64
Let b(w) = 3 - 2 + 42*w**2 + 59*w**2. What is the remainder when b(-1) is divided by 6/18 + 231/9?
24
Let y = -214 + 375. Calculate the remainder when y is divided by 1/(-2)*(-164)/(-6)*-3.
38
Let s(w) = -w**3 + 2*w**2 - 10*w - 4. Let y be s(-3). Let u = y - 38. What is the remainder when u is divided by 18?
15
Suppose 0 = -n, -5*n = q - 3*q + 8. Suppose 266 = 5*f + 3*o + o, -4*f = q*o - 216. Let s = 173 - 160. What is the remainder when f is divided by s?
11
Let b(i) = i**2 - 2*i - 4. Let o be b(-2). Suppose -2*d - 2*d = 0, -5*d + 16 = o*z. What is the remainder when 52 is divided by (z/12)/((-2)/(-162))?
25
Suppose -4*z = -14 + 6. What is the remainder when 57 is divided by (-3)/z*(-16 - -8)?
9
What is the remainder when 7*((-9)/(378/(-348)) + 2) is divided by 31?
10
Let d = 0 - -4. Suppose -4*v + d*f = 2*f - 134, 0 = 3*v + 4*f - 95. Calculate the remainder when v is divided by 17.
16
Calculate the remainder when 53 + -57 - (-25 - (1 - -1)) is divided by 17.
6
Suppose -a = 2*a + 12. What is the remainder when 45 is divided by 778/34 - a/34?
22
Let u(f) be the first derivative of f**3/3 - 3*f**2 - 5*f + 8. What is the remainder when 130 is divided by u(-3)?
20
Suppose -5*q - 4*z + 583 = 0, -5*q - z + 453 + 139 = 0. Suppose -9*r + 2*r + q = 0. What is the remainder when 116 is divided by r?
14
Suppose -y = 5*u + 4*y - 175, y = 4. What is the remainder when (4/(-2))/((-15)/900) is divided by u?
27
Let i(u) be the second derivative of -u**4/6 + 19*u**3/6 + 3*u**2/2 + 2*u. What is the remainder when 80 is divided by i(8)?
26
Suppose -2*r - 15*c = -20*c - 3, -c = -5*r + 42. Calculate the remainder when 2132 is divided by r.
8
Suppose 14*q - 10*q - 416 = -4*g, 0 = -4*g + 2*q + 434. Calculate the remainder when 415 is divided by g.
94
Let z(n) = -n**3 + 6*n**2 + 10*n - 11. Calculate the remainder when z(6) is divided by 9.
4
Suppose 5*x - 3*k = 34 - 2, 2*k = 5*x - 33. Let u(j) = -j + 24. Calculate the remainder when u(x) is divided by 10.
7
Let u(k) = -k**3 - 2*k**2 + 4*k + 1. Let g = 2 + -8. Let q(i) = -i**2 + 14*i - 2. What is the remainder when u(g) is divided by q(11)?
28
Let o(d) = 6*d**2 + 7*d - 1. Let j be o(-5). Let u = 154 - j. Calculate the remainder when u is divided by 22.
18
Suppose -11 = -7*s + 6*s. Suppose 0 = s*b - b - 530. Calculate the remainder when b is divided by 19.
15
Let a be -1 + 2 + 273 + -10. Suppose -5*t = -a + 59. What is the remainder when t is divided by 19?
3
Let j(i) = -i**2 + 5*i + 3. Suppose -b + 4*f = 5*f - 2, 3*b = -4*f + 3. Let s be j(b). Suppose 13 + 26 = s*u. Calculate the remainder when 49 is divided by u.
10
Suppose 2*d + 0*d - 100 = 0. Let f(j) = -2*j**3 + j**2. Let v be f(-1). What is the remainder when d is divided by 24/(v + -2) - -2?
24
Let b = -21 + 28. Suppose 11 = i - 3. What is the remainder when ((-29)/(-2))/(b/i) is divided by 8?
5
Let c(u) = u**3 + 7*u**2 + 3*u - 5. Calculate the remainder when c(-4) is divided by 5.
1
Let t = -409 + 1286. Calculate the remainder when t is divided by 44.
41
Suppose -6*h + 3*w = -h - 53, -4*w = h - 6. What is the remainder when 147 is divided by h?
7
Suppose -w + 90 = 2*w. Let z(x) = -149*x**3 - 3*x**2 - x + 1. What is the remainder when z(-1) is divided by w?
28
Suppose -10*a = -914 - 1386. Calculate the remainder when a is divided by 84.
62
Suppose 0 = 12*s - 11*s + 3*o - 68, 3*s = 3*o + 144. What is the remainder when s is divided by 30?
23
Let m(g) = g**3 - 15*g**2 + 10. Suppose 0 = 4*y - 3*n - 97, 2*y - 5*y + 4*n = -64. What is the remainder when y is divided by m(15)?
8
Let c = 414 - 361. Calculate the remainder when 261 is divided by c.
49
Let i(t) = 2*t**2 + 7*t - 5. Let z be i(-6). Suppose 22*h = z*h - 24. Calculate the remainder when 37 is divided by h.
5
Let b be 18/72 - (-19)/4. Suppose 0 = 5*j - 4*d - 95 - 66, b*d = -2*j + 71. What is the remainder when j is divided by 17?
16
Suppose 0 = 15*t + 26 - 161. What is the remainder when 138 is divided by t?
3
Let z be 24/(-6) + (-136)/2. Let w = 79 + z. Calculate the remainder when 13 is divided by w.
6
Let s be -2*450/12*(2 + -1). Let d = s - -95. Calculate the remainder when d is divided by 11.
9
Let y(a) = 10*a + 259. What is the remainder when 140 is divided by y(-23)?
24
Let a = -35 + 40. Let s(k) = k**2 - 7*k - 4. What is the remainder when a is divided by s(8)?
1
Let y = -38 + 54. Let x(s) = 26*s + 5. Let j(l) = -25*l - 6. Let r(f) = 6*j(f) + 7*x(f). Calculate the remainder when r(1) is divided by y.
15
Suppose -2 = 3*o - 29. Let f be (-37)/(-4) + (-18)/72. Suppose -96 = -f*b + 120. Calculate the remainder when b is divided by o.
6
Let g be (-3 - -1)*(-494)/13. Let o = g - 73. Suppose 20 = 3*r - 4. What is the remainder when r is divided by o?
2
Suppose -5*y + 3*h + 1874 = 0, 990 = 3*y - 2*h - 135. What is the remainder when y is divided by 76?
69
Let z(k) = 2*k**2 - 102*k + 553. Suppose -62 = 4*f - 5*f. Calculate the remainder when f is divided by z(45).
10
Let t(z) = 7*z - 5. Suppose -5*g - 76 = 3*p - 245, 4*p = 5*g + 202. What is the remainder when p is divided by t(2)?
8
What is the remainder when 264 is divided by -51*(-10)/(-60)*-2?
9
Let m(n) = n**3 - 2*n**2 + 9*n - 38. Calculate the remainder when m(7) is divided by 39.
36
Suppose 112 = -11*k + 167. Suppose 5*f - 25 = -p, 5*p + 14 = -f + p. Calculate the remainder when f is divided by k.
1
Suppose 5*l = -4*a + 4, 0*a - 3*l - 6 = a. Suppose -5*j + 0*j - 88 = -2*u, -3*j = 4*u - 124. Let s = 56 - u. Calculate the remainder when s is divided by a.
4
Let k = -10 - -13. Suppose k*q = 7 + 8. Suppose -q*p + 2*p + 36 = 0. What is the remainder when p is divided by 7?
5
Calculate the remainder when 126 is divided by (-2 + 5)*228/90*5.
12
Suppose 29 + 56 = 5*j. Let c = j + 6. Let d(q) = 2*q. What is the remainder when c is divided by d(2)?
3
Let a be (-20)/(-35)*3/((-12)/(-14)). Suppose -a*o + 51 = 5*t - 6, 5*t - 15 = 0. Calculate the remainder when 81 is divided by o.
18
Suppose -28*d + 4281 + 3475 = 0. Calculate the remainder when d is divided by 93.
91
Let n(l) = -44*l - 15. Let j be n(-3). Suppose 5*o + 8 + 7 = 0, -o = -2*b + 35. Calculate the remainder when (j/(-6) - 3)/(1/(-2)) is divided by b.
13
Suppose 0 = 4*z - 48. Calculate the remainder when 22 is divided by z.
10
Suppose -2*i + 70 = 5*c - 3*c, 133 = 3*i - 4*c. Calculate the remainder when 73 is divided by i.
34
Suppose -3*a - 36 = -2*n, -4*n - a - 90 = -9*n. What is the remainder when n is divided by 11?
7
Suppose 102*d - 108*d + 204 = 0. What is the remainder when 91 is divided by d?
23
Let i(v) = v**3 + 11*v**2 - v - 1. Let x be i(-11). Let k be 45/x*(-4)/(-6). Calculate the remainder when (-2 - (k - 4)) + 40 is divided by 10.
9
What is the remainder when 412/8*(1 - -5)*1 is divided by 78?
75
Let n(i) = 11*i + 163. Calculate the remainder when 17 is divided by n(-14).
8
Let t = 778 + -521. What is the remainder when t is divided by 37?
35
Let p = 173 + -148. Let v(y) be the first derivative of y**3/3 + 47*y - 3. Calculate the remainder when v(0) is divided by p.
22
Let h(i) = -i**2 - 10*i + 53. Calculate the remainder when 421 is divided by h(-10).
50
Let k = 11 + 2. What is the remainder when 297/k + 3/156*8 is divided by 6?
5
Suppose 7*c - 2*c = 15. Let a = c + 0. Let z = 25 - 18. Calculate the remainder when z is divided by a.
1
Suppose 3*v + 15 = 0, 0*w - 5*w - 4*v + 70 = 0. Suppose -2*i - 12 = -2*r, 5*r - 3*i = -0*r + 20. What is the remainder when 143/52*(31 + r) is divided by w?
16
Let h(k) = -2*k - 8. Let f be h(-6). Let n = -24 + 46. What is the remainder when 856/10 + f/10 is divided by n?
20
Let y = -2 - -643. Calculate the remainder when y is divided by 15.
11
Let l(d) be the first derivative of -3*d**2/2 + 19*d + 38. What is the remainder when l(-3) is divided by 10?
8
Suppose -16288 = -45*y + 4502. Calculate the remainder when y is divided by 15.
12
Let a = 74 - 54. Suppose 4*y = -2*m - 75 + 297, 0 = y - 5*m - 50. What is the remainder when y is divided by a?
15
Let w(b) = 2*b**3 - 3*b**2 - 3*b - 4. Let y be w(4). Suppose -q + y = 5*